0*q**3/3 - q**2 + q. What is v(-6)?
-14
Let n(j) = -2*j - 1. Let i be n(-4). Let g(r) be the first derivative of 15*r - 1/2*r**2 - 32. What is g(i)?
8
Let u = 44068 + -44070. Let f(s) = 2*s**2 - 3*s - 2. Determine f(u).
12
Suppose 5 = -2*l + 17. Let j be 315/l*(-14)/(-21). Let d = 31 - j. Let c(y) = -y**3 - 4*y**2 + 4*y - 4. Calculate c(d).
-20
Let l(b) = -6*b**2 + 40*b + 6. Let s(a) = -13*a**2 + 80*a + 14. Let y(f) = -5*l(f) + 2*s(f). What is y(10)?
-2
Let i(j) = j**3 - 3*j**2 - 4*j + 6. Let d(a) = a**3 - a**2 - a + 1. Let x be d(0). Let c be (x + -7)/(((-15)/2)/5). Calculate i(c).
6
Let q = -150 - -155. Let f(n) = -5*n**2 + n - 1. Let a(k) = -11*k**2 + 2*k - 2. Let u(r) = q*f(r) - 2*a(r). What is u(1)?
-3
Let h(i) = 1. Let y(a) be the second derivative of a**3/6 + a**2 - 24*a. Let z(l) = h(l) + y(l). Let c = 2 + 4. What is z(c)?
9
Let n(a) = -2808 + 2821 + 2*a - 3*a. Calculate n(2).
11
Let d(t) be the third derivative of -t**7/2520 + t**6/720 - t**5/60 + t**4/3 + t**3/6 + t**2 - 103. Let f(k) be the second derivative of d(k). Calculate f(0).
-2
Let s(g) = 3*g + 19. Let c(b) = 7*b**2 + 263*b + 140. Let l be c(-37). What is s(l)?
-5
Let x(a) = a + 3. Let h be (-32)/(-12)*6/4. Suppose 0*d - d + 48 = 4*f, 48 = 2*d - h*f. Suppose 3*u - 7 = -v + 2*u, 0 = -5*v - 4*u + d. Determine x(v).
7
Let v(l) be the first derivative of -l**4/4 - 5*l**3/3 - 13*l**2/2 - 30*l - 6201. What is v(-4)?
6
Let d = -20 + 13. Suppose 3*n + 5*o - 108 = -0*o, 0 = -n + 4*o + 19. Let f(p) = 5*p - n + p**2 + 55 - 31. What is f(d)?
7
Let n = 57 - 55. Let v(i) = i**2 + 2*i + 1. Let u(o) = o**3 + 9*o**2 - 6*o - 10. Let w(y) = n*v(y) - u(y). Give w(-8).
-4
Suppose 96 = 25*d - 4. Let m = -6 - -9. Let v(b) = 3*b**3 - 3*b**2 + 4*b - 4. Let n(p) = -4*p**3 + 2*p**2 - 4*p + 3. Let z(g) = m*v(g) + 2*n(g). Calculate z(d).
-6
Let b(h) = h**3 - 8*h**2 - 9*h + 11. Let z(c) = -c + 38. Let g be z(29). Determine b(g).
11
Let t(i) = i**3 + 2*i**2 - 2*i - 2. Let o be 4*(-53)/10*10/4. Suppose -3*m + 2*j + 159 = 0, -m + j + 60 = -2*j. Let y = m + o. Calculate t(y).
2
Let k(d) be the second derivative of -d**4/3 + 4*d**3/3 - 4*d**2 + 77*d. Give k(1).
-4
Suppose -848 = 34*o - 181 - 327. Let l(b) = b**3 + 13*b**2 + 35*b + 65. Calculate l(o).
15
Let p = -52 - -118. Let c = 71 - p. Suppose c*f - 45 = 4*i + i, -5*f = 4*i - 9. Let o(s) = -s**3 - 5*s**2 - 5*s + 3. Determine o(i).
7
Let u = -2199 - -2209. Let k(m) be the third derivative of -m**6/120 + 11*m**5/60 - m**4/3 - 23*m**3/6 - m**2. Calculate k(u).
-3
Suppose -4*k = -r - 11, 3*r - 4*r - 1 = k. Let q be k/3 - (-26)/(-39). Suppose q = 3*o - 6 - 15. Let s(t) = t - 4. What is s(o)?
3
Suppose 4*o = 9*o. Suppose -2*z + 4 + o = 4*j, 1 = -2*z + j. Let h(r) = z + 2*r - 3 + 0 - r**2 - 1. Calculate h(3).
-7
Let c(a) = -25*a + 23 + a**2 + 33*a - 2*a**2. Let t be c(10). Let o(i) = -5 + 8*i**2 + 2*i + i**t - 23*i**2 - i + 10*i**2. Calculate o(5).
0
Let j(d) = -10*d**2 + 3*d**3 + 5169161 - 24*d - 5169177 - 4*d**3. Determine j(-7).
5
Let k = -9 + 12. Let u(z) = -2*z**3 + 25*z**2 - 7*z - 20. Let o be u(12). Let n(m) = m**2 + o - 15 - 3*m - 13 - 14. What is n(k)?
-2
Let l(t) = -4*t**2 - 3*t + 7. Let v(c) = -9*c**2 - 5*c + 17. Let q(k) = 7*l(k) - 3*v(k). What is q(-2)?
6
Let w(l) = 5*l + 1. Let d(y) = -6*y - 2. Let g(h) = -2*d(h) - 3*w(h). Let k be (-1)/(1/(-2))*(-4)/8. Calculate g(k).
4
Let i(c) = 14*c - 122. Let y be i(9). Let u be (-465)/62*y/3. Let b(p) = -p**2 - 11*p + 4. Calculate b(u).
14
Let x = -6516 - -6516. Let c(b) be the first derivative of b**3 + 1/4*b**4 + 21 - 3/2*b**2 + x*b. Calculate c(-4).
-4
Let b = -34 - -33. Let o(q) be the second derivative of -1/6*q**4 + 6*q - 4 - 1/6*q**3 + 4/5*q**5 + 0*q**2. Determine o(b).
-17
Let l(s) = -19*s - 16*s - 1 - 4*s + 56*s. Calculate l(1).
16
Let g(p) = 5*p**3 + 2*p**2 - p - 7. Let v(t) = -6*t**3 - t**2 + 2*t + 7. Let s be (10/(-4))/((-5 + 2)/(-6)). Let r(z) = s*g(z) - 4*v(z). Determine r(-5).
-3
Let z(i) = -3*i**3 + 2*i**2 - 15*i - 47. Let j(v) = -14*v**3 + 7*v**2 - 60*v - 185. Let h(l) = 2*j(l) - 9*z(l). Determine h(-3).
-1
Let t be 2/6 + 182/21. Let a(z) = 2*z**3 + 7 + t + 149*z + 20*z**2 - 300*z + 152*z. Calculate a(-10).
6
Let a(x) = 5*x + 93. Let i = -2213 + 2193. Calculate a(i).
-7
Suppose 25 = -4*q - 3*z - 11, 18 = -2*q + 3*z. Let l(j) = 42*j + 21*j - 62*j + 12. What is l(q)?
3
Let j(w) = w**2 - 2*w + w**2 - 1 - w**2. Let m = 56874 - 56871. What is j(m)?
2
Let b(y) = 160*y - 161*y + y**3 + 0*y**3. Let f(r) = 2*r**3 + 6*r. Let q(d) = 5*b(d) + f(d). Determine q(1).
8
Suppose -4*u - 2*c = 10, 13 = -22*u + 17*u - 3*c. Let h(b) = 11*b**3 - 5*b - 14. What is h(u)?
-92
Let u = 6269 - 6290. Let w(r) = -15*r - 309. Give w(u).
6
Let k(j) = 10 + 6 - 10 - j + 6 + 19. Calculate k(17).
14
Let y(d) = d**2 - 4*d - 16. Let b be y(-5). Let q = b - 26. Let w(i) = 2 - 3 + q*i - 2*i + 5. What is w(4)?
8
Let u(p) be the second derivative of p**4/3 + p**3/6 + 7*p. Let y = 3478 + -3479. Give u(y).
3
Let c(z) = -3*z - 15. Let b = 97 + -97. Suppose -2*p + 4*u - 2 - 2 = 0, 5*p + 2*u - 14 = b. Let w be (-15)/p*(-10)/175*-14. Determine c(w).
3
Let w be (-1458)/(-189) + 132/(-77). Let p(n) = -2*n**3 + 15*n**2 - 6*n - 8. Determine p(w).
64
Let h(d) = 5*d. Let g(a) = -60*a. Let c(l) = 5*g(l) + 70*h(l). What is c(0)?
0
Let j(i) = -420*i + 167*i + 247*i + 4 + 0*i**2 - i**2. What is j(5)?
-51
Let n(b) = -16*b + 1111. Let d be n(69). Let a(m) = m**3 - 8*m**2 + 6*m - 30. Give a(d).
-37
Let l(n) = 26*n + 64. Let y(x) = 5*x + 13. Let w(f) = -3*l(f) + 16*y(f). Let v(j) = -34*j - 1. Let g be v(-1). Suppose -5*i + 2*i - g = 0. Calculate w(i).
-6
Let s = -281 - -273. Let j(m) = -4*m - 9. Let z(b) = b. Let c(y) = j(y) + 2*z(y). What is c(s)?
7
Let l(o) be the first derivative of o**4/4 + 2*o**3 - 12*o**2 + 21*o + 2361. Calculate l(-9).
-6
Let u(h) = 12*h**3 + 20*h**2 + 39*h - 30. Let f(g) = -19*g**3 - 29*g**2 - 59*g + 45. Let t(q) = 5*f(q) + 8*u(q). Give t(-14).
-57
Suppose -2*y = -5*o - 13, 3*o - 8 = -3*y - o. Let k(p) be the second derivative of 3*p**2 + 0 - 8*p - 1/2*p**3. Calculate k(y).
-6
Suppose 0 = 2*m - 11 - 25. Suppose -3*q + 3 = -m. Let n(j) = -250*j - 3 + 242*j + j**2 + 4 - 4. Calculate n(q).
-10
Suppose 8*p = 40602 - 40690. Let i(y) = 3*y**2 + 25*y + 16. Give i(p).
104
Let z(t) = -2*t + 20. Let d(x) = -9*x + 113. Let b(u) = -d(u) + 6*z(u). Give b(6).
-11
Let b(j) = j - 3. Let s be 140/12*18/30. Suppose 0 = -s*p + 22*p - 135. Calculate b(p).
6
Let y = -103 - -106. Let o(m) = m**2 + 2. Let d(u) = u**2 - u + 3. Let x(n) = 3*d(n) - 4*o(n). Determine x(y).
-17
Let x(i) = 173*i - 11. Let z(u) = -303*u + 23. Let y(o) = 7*x(o) + 4*z(o). What is y(10)?
5
Let t = 8504 + -8508. Let y(j) = 17*j + 2. Give y(t).
-66
Let d = 152 - 357. Let p = d - -212. Let k(t) = t - 13. What is k(p)?
-6
Let u(x) = 2*x**3 - 6*x**2 + 9*x - 5. Let i be (12/10)/(13/((-260)/8)). Let f(q) = 3*q**3 - 6*q**2 + 9*q - 5. Let g(h) = i*f(h) + 4*u(h). Give g(-7).
-19
Let x(d) = -d + 1. Let u be ((-3764)/11)/1 + (-2)/(-11). Let g = u - -348. What is x(g)?
-5
Suppose -3*n + 69 + 66 = 3*u, -20 = -5*u. Suppose -48*t = -n*t + 49. Let m(c) = -3*c - 6. Give m(t).
15
Let p(r) = 16*r**3 - 14*r**2 + 18*r - 15. Let b(v) = 5*v**3 + v - 7. Let j(u) = -3*b(u) + p(u). What is j(13)?
32
Let i be ((-96)/15)/(84/45 - 2). Let n be (-18)/i - (-129)/24. Let s(t) = 8*t - 37. Let k be s(n). Let g(j) = j**3 - 3*j**2 - j. What is g(k)?
-3
Suppose -3*n + 13 = b, 0 = -0*n + 3*n + 2*b - 17. Let f(j) = 2*j**2 + 4*j + 2. Let q(s) = -3*s**2 - 7*s - 1. Let h(u) = n*q(u) + 5*f(u). Determine h(5).
27
Let z(o) = -o**3 + 3*o**2 - 5*o + 1. Let d be z(2). Let t(a) = 5*a + 29. Give t(d).
4
Let w(y) = -3 + 4*y + 1 - y**2 + 0*y**2 + 0. Suppose -2*m - 3*h = -192, 0 = -0*m - 5*m + 4*h + 480. Suppose -95*r + m*r - 5 = 0. Determine w(r).
-7
Let p(y) be the third derivative of y**5/4 + y**2. Let a = -201 - -197. Let r be a/1 + (30 - 27). Give p(r).
15
Suppose -2*f - 2 = -2*g, -3*g = f - 10 + 3. Let x be 6 - (6 + f)/1. Let q(b) = b. Let r(a) = -8*a - 1. Let k(p) = 5*q(p) - r(p). Calculate k(x).
-12
Let u be 6/(-4)*(-40)/(-6). Let v(h) be the second derivative of h**4/12 + 11*h**3/6 + 5*h**2/2 + 2674*h. Give v(u).
-5
Suppose 15 = -5*c - 5*a, -5*c = -c + 3*a + 17. Let p(k) = k**3 + 4*k**2 - 33*k - 10. Determine p(c).
-2